{"id":1136,"date":"2020-01-02T12:11:59","date_gmt":"2020-01-02T11:11:59","guid":{"rendered":"https:\/\/goldschmiede39.de\/F9Rpy2xU4Nk\/?post_type=product&#038;p=1136"},"modified":"2022-10-26T10:47:45","modified_gmt":"2022-10-26T08:47:45","slug":"lebenswellen","status":"publish","type":"product","link":"https:\/\/goldschmiede39.de\/F9Rpy2xU4Nk\/produkt\/lebenswellen\/","title":{"rendered":"LEBENsWELLEN"},"content":{"rendered":"<p align=\"LEFT\"><span style=\"color: #3b3938;\"><span style=\"font-family: Arial, sans-serif;\"><span style=\"font-size: small;\">Sehr sch\u00f6ne und besondere Trauringe, individuell gearbeitet \u2013 handgemacht und f\u00fcr jedes Paar extra angepasst. Silberringe mit gravierten pers\u00f6nlichem Fingerabdruck oder Innenhand-Lebenslinien des Partners. Die Ringe sind 10 &#8211; 7 mm breit und 1,5 mm stark. Alle Ma\u00dfe k\u00f6nnen auf Wunsch noch ver\u00e4ndert werden.<br \/>\nUm Ihre Ringgr\u00f6\u00dfen zu ermitteln, bekommen Sie ein Ringma\u00df zugeschickt, das Sie gerne f\u00fcr zuk\u00fcnftige Gr\u00f6\u00dfenermittlungen behalten k\u00f6nnen.<br \/>\nF\u00fcr die Fingerabdr\u00fccke m\u00fcssen Sie mir, mit Hilfe eines Stempelkissen z.B. auf einem Notizzettel, den eigenen und den von ihrem\/r Partner\/-in gut erkennbaren Fingerabdruck, zusenden. Ich suche mir dann den besten von mehreren aus!<br \/>\nDie Anfertigung dauert dann 2-3 Wochen.<\/span><\/span><\/span><\/p>\n","protected":false},"excerpt":{"rendered":"<p><img loading=\"lazy\" decoding=\"async\" class=\"alignnone size-medium wp-image-53\" src=\"https:\/\/goldschmiede39.de\/F9Rpy2xU4Nk\/wp-content\/uploads\/2017\/10\/DSC00006-1_resized-300x225.jpg\" alt=\"\" width=\"300\" height=\"225\" \/><\/p>\n","protected":false},"featured_media":1138,"comment_status":"open","ping_status":"closed","template":"","meta":[],"product_cat":[32],"product_tag":[73,74,66],"class_list":{"0":"post-1136","1":"product","2":"type-product","3":"status-publish","4":"has-post-thumbnail","6":"product_cat-trauringe","7":"product_tag-ehering","8":"product_tag-hochzeit","9":"product_tag-ring","11":"first","12":"instock","13":"taxable","14":"shipping-taxable","15":"purchasable","16":"product-type-simple"},"_links":{"self":[{"href":"https:\/\/goldschmiede39.de\/F9Rpy2xU4Nk\/wp-json\/wp\/v2\/product\/1136","targetHints":{"allow":["GET"]}}],"collection":[{"href":"https:\/\/goldschmiede39.de\/F9Rpy2xU4Nk\/wp-json\/wp\/v2\/product"}],"about":[{"href":"https:\/\/goldschmiede39.de\/F9Rpy2xU4Nk\/wp-json\/wp\/v2\/types\/product"}],"replies":[{"embeddable":true,"href":"https:\/\/goldschmiede39.de\/F9Rpy2xU4Nk\/wp-json\/wp\/v2\/comments?post=1136"}],"wp:featuredmedia":[{"embeddable":true,"href":"https:\/\/goldschmiede39.de\/F9Rpy2xU4Nk\/wp-json\/wp\/v2\/media\/1138"}],"wp:attachment":[{"href":"https:\/\/goldschmiede39.de\/F9Rpy2xU4Nk\/wp-json\/wp\/v2\/media?parent=1136"}],"wp:term":[{"taxonomy":"product_cat","embeddable":true,"href":"https:\/\/goldschmiede39.de\/F9Rpy2xU4Nk\/wp-json\/wp\/v2\/product_cat?post=1136"},{"taxonomy":"product_tag","embeddable":true,"href":"https:\/\/goldschmiede39.de\/F9Rpy2xU4Nk\/wp-json\/wp\/v2\/product_tag?post=1136"}],"curies":[{"name":"wp","href":"https:\/\/api.w.org\/{rel}","templated":true}]}}